+ 3)/s*-8 is divided by h(6).
2
Let l = 44 - 31. Suppose 0 = 2*o + 3*o - 60. Calculate the remainder when 4/(-24) - (-458)/o is divided by l.
12
Let q = 68 - 41. Suppose 0 = -n - 4*n. Suppose -2*a + 0*a + 30 = n. What is the remainder when q is divided by a?
12
Let g = -11 + 7. What is the remainder when g*1*15/(-6) is divided by (-40)/(-6) - (-4)/(-6)?
4
Let z = -4 + -1. Let a be z/(10/(-4)) - -6. Calculate the remainder when 2/(-8) - (-34)/a is divided by 3.
1
Suppose -8 = -3*a + a, -2*a + 5 = -j. What is the remainder when 10 is divided by j?
1
Calculate the remainder when (-1 - -11)/(-9 - -11) is divided by 2.
1
Let w(z) = -z**2 - 11*z + 16. Calculate the remainder when 5 is divided by w(-12).
1
Let l(z) = -z**3 + 19*z**2 + 4. What is the remainder when 19 is divided by l(19)?
3
What is the remainder when 4/(-6) + (190/15 - 5) is divided by 5?
2
Suppose 0 = -18*s + 22*s - 8. What is the remainder when s is divided by (-4)/(-3) + (-2)/6?
0
Let g(q) = -4*q + 1. Let l(b) = 6*b + 1. What is the remainder when l(6) is divided by g(-3)?
11
What is the remainder when 3 + 1 + (-6 - (-13 - 0)) is divided by 3?
2
Suppose -519 = -15*f + 741. What is the remainder when f is divided by 44?
40
Suppose 2*g = -5*w + 85 + 100, -34 = -w - g. What is the remainder when w is divided by 10?
9
Let p(z) = -3*z - 6. Let h be p(8). Let b = h - 20. Let f = -15 - b. What is the remainder when f is divided by 18?
17
Suppose 63 = 11*n - 8*n. Suppose -4*d + 8*d + 2*k = 78, -d + k = -n. What is the remainder when 78 is divided by d?
18
Suppose 8*p = 6*p + 6. What is the remainder when 39 is divided by 12/((-12)/p) - -13?
9
Let h = -5 + 7. Suppose 0*i = h*i - 36. Calculate the remainder when i is divided by 10.
8
Let i = 18 - 14. Suppose -i*t + 0*t + 40 = 0. What is the remainder when 28 is divided by t?
8
Let a(i) = 2*i**2 + 3*i - 2. Calculate the remainder when a(-7) is divided by 16.
11
Let r be (-52)/(-24) + (-1)/6. Suppose 0 = 2*j + 4*n - 28, 4*j = -5*n - r + 46. Calculate the remainder when j is divided by -6*((-15)/6 + 2).
0
Let h = -37 + 81. Calculate the remainder when 173 is divided by h.
41
Let g be -2 + 1 + 0 + 15. Let h = -9 + g. Calculate the remainder when 13 is divided by h.
3
Suppose -b - 2*s + 2 = 0, 2*s = -4*b + 1 + 7. Suppose b*g = -x + 11, -4*x = 5*g - 9 - 23. Calculate the remainder when 7 is divided by x.
1
Let k(i) = i**3 - i**2 - 9. Let d be k(0). Let s(m) = -4*m - 11. Let q(p) = -2*p**3 - p**2 - p - 1. Calculate the remainder when s(d) is divided by q(-2).
12
Suppose f = -4*f + 4*t + 52, f = 4*t + 4. What is the remainder when 18 - -4 - (0 + 1) is divided by f?
9
Suppose x = 3*o + 1 + 8, -2*x = 3*o. Suppose -40 = -v - 4*c - 8, -5*v + x*c + 91 = 0. What is the remainder when 77 is divided by v?
17
Let b(m) = m**3 - 9*m**2 + 11*m + 2. Suppose y + 10 = -4*h + 2, -5*h = y + 12. Suppose -9 = -2*x + 19. Calculate the remainder when b(y) is divided by x.
12
Suppose 0 = -h + 2 + 15. What is the remainder when 49 is divided by h?
15
Let d = 33 - 1. Let y(m) = 3*m**2 - 1. Let f be y(-1). Suppose 0 = -f*k - 4, 4*v - 7*v = k - 31. Calculate the remainder when d is divided by v.
10
Suppose 3*q + 81 = 3*w, q + 4 = 3*q. What is the remainder when 68 is divided by w?
10
Let u(x) = -x**2 + 8*x + 7. Let r be u(9). Let a = 17 - r. Suppose t + 20 - 75 = 0. What is the remainder when t is divided by a?
17
Suppose -p = 2*p - 9, -4*p + 28 = 4*i. What is the remainder when 10 is divided by i?
2
Suppose 40 + 0 = 4*n. What is the remainder when 17 is divided by n?
7
Suppose 7*m = 10*m - 33. What is the remainder when 21 is divided by m?
10
Suppose 4*r = -o + 4*o - 307, -5*o + 4*r + 509 = 0. Calculate the remainder when o is divided by 26.
23
Let b = -72 + 87. What is the remainder when b is divided by 9?
6
Suppose -4*f = 5*l - 117, 5*f - 87 = 2*f - 3*l. Let p = -15 + 15. Suppose p = -5*c + f + 32. What is the remainder when 47 is divided by c?
11
Let v = 30 + -9. Let w = 38 - -2. What is the remainder when w is divided by v?
19
Suppose 6*x - 10 = 74. Let p(k) = 2*k - 4. What is the remainder when x is divided by p(6)?
6
Suppose 386 = -5*q + 7*q. What is the remainder when q is divided by 13?
11
Let n = 12 - -17. What is the remainder when n is divided by 16?
13
Let h(f) = -3*f - 1. Suppose 20 + 35 = -5*y - 5*i, -3*y - i - 29 = 0. What is the remainder when h(y) is divided by 1 + -1 + 15 + -1?
12
Let c = -56 - -66. What is the remainder when 16 is divided by c?
6
Let n = 6 - 15. Let z = -67 - -96. Let o = z + n. What is the remainder when o is divided by 7?
6
Suppose 6 + 30 = 2*v. What is the remainder when 8 is divided by (-75)/(-27) - (-4)/v?
2
Suppose -2*u + 2*a = -2, -4*u + 5*u + a = -1. Calculate the remainder when (u - 26)*(-5)/10 is divided by 4.
1
Suppose -3*l = -0*d - 3*d + 3, 0 = 3*d - 15. Suppose -2*s + 20 = 2*s. Suppose l = s*c - c. Calculate the remainder when 3 is divided by c.
0
Calculate the remainder when 32 is divided by -2 + (-1 - 2 - -22).
15
Let y be 1/((-3 + 0)/(-12)). Suppose 3*u - 62 = y*p, -3*u + 4*p = -4*u - 6. What is the remainder when 41 is divided by u?
13
Suppose 108 = 3*v - 5*j, 2*v + 0*j - 56 = -2*j. Let c = -13 - -29. What is the remainder when v is divided by c?
15
What is the remainder when -3*(6 + -4) + 89 is divided by 42?
41
Let z = 31 - 17. Calculate the remainder when 53 is divided by z.
11
Suppose 3*b = 5*b + 5*f - 41, 3*b - 64 = -5*f. What is the remainder when 67 is divided by b?
21
Let g(t) = 24*t**3 - t**2 + 2*t. What is the remainder when g(1) is divided by 9?
7
Let q be 3/6 - 7/(-2). Suppose 0 = -q*w - t + 16, -5*w - 4*t + 20 = -6*t. Suppose 9*m - w*m - 30 = 0. What is the remainder when 17 is divided by m?
5
Suppose -3*h = -3*s - s + 7, -3 = -3*s. Calculate the remainder when 43 is divided by (h + (-4)/6)*-9.
13
Suppose -3*k = -3*w - 12, -4*k + 2*w = -5 - 11. Let m(f) = -f - 7. Let h = -20 - -10. What is the remainder when k is divided by m(h)?
1
Let m = -9 - -60. What is the remainder when m is divided by 18?
15
Let z = 7 - -2. Let x(t) = 5*t**2 - 33*t + 23. What is the remainder when z is divided by x(6)?
4
Let j(b) = -b**3 + 5. Let r be j(0). Suppose 0 = r*y + 2*w - 29 - 94, 5*y - 127 = 2*w. Calculate the remainder when y is divided by 9.
7
Let g = -3 + 8. Suppose f + 96 = g*f. What is the remainder when 71 is divided by f?
23
Suppose -7 - 9 = -4*k. Let w(p) = 5*p - 3. Calculate the remainder when 65 is divided by w(k).
14
Suppose 0 = -z + 8 - 108. What is the remainder when z/15*(-45)/6 is divided by 26?
24
Let f(x) = x**3 - 4*x**2 - x - 7. Let d(j) = -j**3 - j**2 + 3*j - 4. Let h be d(-3). What is the remainder when f(h) is divided by 8?
5
Suppose 11*i - 91 = 4*i. Calculate the remainder when 62 is divided by i.
10
Let v(m) = -9*m - 3. Let a be v(-4). Suppose -1 = 2*g + 5, 0 = -5*t - 4*g + a. What is the remainder when 35 is divided by t?
8
Let h = 6 - 3. Let g be ((-92)/(-2))/(-1 - 1). Calculate the remainder when g/(-5) - (-4)/10 is divided by h.
2
Suppose -5*g - 158 = -5*u + 2*u, 4*u - 214 = 5*g. What is the remainder when 389 is divided by u?
53
What is the remainder when (4/(-16))/(8/(-1248)) is divided by 7?
4
Suppose -3*p - 4*d = -20, -12 + 72 = 4*p - 3*d. Calculate the remainder when p is divided by 8.
4
Let a(y) = y**3 - 2*y**2 + y + 1. Let j(x) = x**3 + 11*x**2 - x - 3. Calculate the remainder when j(-11) is divided by a(2).
2
Suppose 3*j = 7*j - 52. Suppose 0*p + 3*p = 12. Calculate the remainder when j is divided by p.
1
Suppose -k + 0 = -3. Let p be 14/5 - (-4)/20. Suppose -k*x = -p*g + 48, -3*g = 2*g + 3*x - 48. Calculate the remainder when 33 is divided by g.
9
Let y = -93 - -101. What is the remainder when 46 is divided by y?
6
Suppose 2*t - t + 156 = 3*s, t = -s + 48. What is the remainder when s is divided by 6?
3
Let f(g) = -g**3 - 21*g**2 - 20*g + 17. What is the remainder when 64 is divided by f(-20)?
13
Suppose -21*k + 23*k = 118. Calculate the remainder when k is divided by 18.
5
Suppose 44 = 231*j - 229*j. What is the remainder when 65 is divided by j?
21
Suppose 85 = -c + 6*c. Suppose -4*s + 112 = 3*h, -3*h = -7*h. Let w = s - 22. What is the remainder when c is divided by w?
5
Let s(v) = -v**2 + 14*v + 13. Let j be s(11). Suppose -4*z + 108 = -w, 2*w + j = z - 3*w. Calculate the remainder